+ 208 + -86 + -3 + (13 - 0).
-56
((4 - (3 + 0)) + -3 - -22) + (180 - 178)
22
What is the value of -11 - 21 - -12 - -21 - (-65 + 6)?
60
Evaluate -30 + 8 + -5 - (3 - ((-4 - -14) + -7)).
-27
-18 - (7 - (-21 + 25) - 83)
62
What is 42 + (-41 + 10 - 2) + (13 - -1)?
23
(-32 - -20 - (-9 - 2) - 17) + -13
-31
(-23 - 12) + 64 + -77 + -7
-55
Calculate 0 + -49 - (54 - 79 - -5).
-29
(5 - (-52 + 29) - 10) + -123
-105
Calculate 111 + 30 + -49 - (0 - -11 - 5).
86
Evaluate -9 + (17 - (-10 - -3)) - 52.
-37
Calculate 3 - 3 - (-2 - (3 - 2) - (-103 - -110)).
10
Calculate -57 - -119 - 52 - -68 - (1 + -11).
88
Evaluate (14 - (-16 + 38)) + 3 - (2 - -11).
-18
-1 + (-6 - -11) - (-12 - (-10 + -16))
-10
What is the value of 60 + 5 - (54 - (117 + -38))?
90
What is the value of (26 - (-10 - 12)) + (10 + -1 + -6 - -4)?
55
Calculate (21 - 20) + (8 - 3) - (26 - (38 - 18)).
0
(0 - 1) + 7 - (-126 - (486 + -642))
-24
-1 - (-29 + (-35 - -50)) - (1 - 3 - 64)
79
Calculate 0 - -27 - ((-44 - 3) + (149 - 108)).
33
What is 7453 + -7327 + (-1 - 59)?
66
Calculate 1 + 2 + (-26 - (41 + -46 + 4 + -8)).
-14
What is 6 + 37 + -3 + -139 + 150?
51
Evaluate 5 + (38 - (-1 + -5 + -6 + -3)).
58
122 + -113 - (-2 + 5 + 31 + -6)
-19
(-106 - (21 - 128)) + 5
6
What is the value of -120 + -41 + 111 + 120?
70
What is the value of -6 - (-5 + (11 - (-2 + 7)) - 37)?
30
What is -272 + (259 - 54) + 1 + 11?
-55
Calculate -13 + 5 - -60 - (-8 + 27).
33
Calculate (2 - 3 - -1 - (281 - 295)) + 25.
39
61 - 11 - (-78 + 148) - (-1 + 25)
-44
Calculate 183 - 137 - (-29 - -15).
60
What is -59 + 1 + (6 - 2) - -3?
-51
Calculate 1 - 1 - (0 - 1) - (43125 + -43149).
25
Evaluate (-164 - -69) + (0 + 7 - (6 + -7 + 5)).
-92
What is (2 - -28) + -72 + 30 + (76 - 22)?
42
What is 7 + (-10 - (-2 + 24) - (2 - 1))?
-26
(3 - (21 + -8)) + (15 - (-4 - (-18 - -1)))
-8
-123 + 11 + -56 + 111
-57
10 + 2 + (-35 - (3 - 26))
0
Evaluate -7 - (-18 + (2 - -20) - 15).
4
Calculate 130 + -97 - ((-1 - 12) + -4).
50
What is the value of 16 + (-9 - -7) + 0 + (-20 - 4)?
-10
Evaluate -19 + -52 + (24 - (-11 - -17)).
-53
0 + 29 + 2 - (-26 + 0 - -48 - 20)
29
Evaluate 5 + -41 + 127 + -11 + -37.
43
What is the value of -3 + (-1 - (-20 - -16) - 8 - -3)?
-5
What is 144 + -130 - (2 - (28 - 0))?
40
Evaluate -2 + (-1 + 9 - (-628 - -639)) + 109.
104
Calculate -8786 + 8743 - (4 + -1).
-46
Calculate -5 - (-12 - 2) - ((1 - -15) + -18 + 15).
-4
What is the value of 1 - -10 - (0 + 18 - 25)?
18
What is 61 - 181 - (-43 + -14)?
-63
94 - (33 + -30 - -25) - -21
87
Evaluate -20 + 52 + -22 + 9 + -24.
-5
What is (82 - (6 + -41)) + (-12 - (0 + 0)) + 4?
109
Evaluate (157 - 170) + 24 + -2 + 4 - 11 - 36.
-34
What is (-18 + 3 - (-7 + (-5 - -2))) + -1?
-6
Calculate ((21 - -11) + 11 - -12) + 2 + -13.
44
Calculate 9 + (-1 - 4) + ((10 - 31) + 6 - -3).
-8
Calculate 140 - (-12 - -4 - -87).
61
Evaluate (4 - -1) + (-20 - (-67 - -37)) - -36.
51
Calculate -9 + -25 + 29 + 22.
17
(-19 - -34 - -14 - -64) + -14 + 7 + -4
82
What is the value of -16 + -3 + (-2264 - -2208)?
-75
Evaluate -1 + -3 + (-5 + 4 + (38 - 36) - 119).
-122
What is 13 + (7 - 9) - (5 - (1 + -4))?
3
Evaluate 89 + (1107 + -1114 - (2 - 24)).
104
What is the value of 11 + 12 + -5 + -1 + -16 - 15?
-14
Calculate (-12 - -25) + 4 - (1 + -1) - (1 + 1).
15
Calculate ((38 - -27) + -8 - (0 - -13)) + -14.
30
Calculate 26 + 3 + (1412 - 1487).
-46
Calculate 6 + ((19 - 18) + -13 - 9).
-15
What is -3 - (78 - -3) - (-792 - -762)?
-54
Evaluate (172 - 18 - 17) + (-5 - 3) - 15.
114
Evaluate (9 + 3 - -2 - (65 + -53)) + (46 - 4).
44
Calculate -35 + 33 + 23 - (-8 - 0).
29
What is -2 + -9 + (-12 - -13) - (-46 - (-65 - -4))?
-25
(-22 - 36) + 58 - -38
38
Calculate 14 - (-18 + -1 + -162 + 164).
31
40 + -47 + -10 + 19 - 16
-14
Calculate 0 + 1 + (37 - (16 + -4)) + -7.
19
What is the value of 5 - -10 - 21 - (-47 + 8) - (-5 + -2)?
40
What is the value of -14 - 71 - -45 - -79?
39
Evaluate -67 + (-7 - (16 - 57)) + 78.
45
(-3 - 3 - 5) + (3 - 1 - (-34 - 42))
67
-83 + 63 + (1 - 1) - 75
-95
(-143 - (141 - 172)) + -20
-132
(6 - -1) + (2 + -47 - (73 + 44 - 111))
-44
Evaluate (12 - 1 - 8) + 69 - (6 - 12 - -13).
65
What is 22 + -6 + -95 + (-23 - (-13 + -15))?
-74
What is the value of -40 + (-19 + 40 - 22) + (0 - -4)?
-37
What is the value of 20 - ((31 - 31) + 9) - -2?
13
What is the value of -1046 - -1092 - (7 + -2)?
41
(-1 - 0) + (-2 - 0) - ((-701 - -806) + -60)
-48
Calculate (7 - ((6 - 3) + 7)) + 28.
25
Calculate (5 - -30) + (18 - 1) + (87 - 89).
50
What is the value of (42 - -1) + -106 + 44 + 50?
31
What is the value of 70 + -59 + 232 - 137?
106
Evaluate (-26 - (-4 + 0)) + -4 + 32 + -15.
-9
What is (12 - (37 - 31)) + (-51 - (2 - 2))?
-45
What is (-7 - -3 - (-1 - 1)) + (15 - 94 - -18)?
-63
What is 38 + -5 + (10 - 3 - (5 - -8))?
27
2 + -6 + 2 + -10 - (7877 + -7996)
107
What is 62 + 0 + (-65 - -91) + -22?
66
What is (-614 - -484) + (1 - -79)?
-50
Calculate 5 - (-107 - (-112 - -22)).
22
Calculate -8 + 18 + 4 + -64 - -17.
-33
What is (243 - 267) + (4 - -29)?
9
Evaluate (-38 + 2 - 39) + 59.
-16
Calculate (-3 - 1) + -24 + 85 + -43 - (-2 + 55).
-39
What is the value of -3 + 9 + -11 + (-11 - -42)?
26
4 + -4 + 21 + -86 + -9 + (4 - 0)
-70
Calculate (-1 - -2 - (9 + 0)) + -3 + (915 - 890).
14
Evaluate (-23 - -73) + (94 + -108 - (-11 - -1)).
46
4 - 0 - (-13 + (11 - 64))
70
Evaluate (4 - -27) + 15 - (-4 - (-4 - -1)).
47
Calculate (-6 - -17) + -1 + (11 - 2) + 46.
65
(0 + 0 - -13 - 1) + (4752 - 4742)
22
Calculate -13 + (23 - -1 - 2) + (-280 - -269) + 78.
76
(-11 - -21) + -16 + 9 + 10
13
Calculate (-100 - -28) + 78 - 82.
-76
(0 - 49) + 3 - ((-29 - (10 - 66)) + -25)
-48
What is the value of 30 - ((17 - 47) + 61)?
-1
Evaluate 0 + 35 - 51 - -7 - (1 - -17).
-27
Calculate 31 + 3 + (0 - (1 + (4 - -8) - 7)).
28
What is the value of -3 - ((6 + 15 - (-15 - -25)) + -90)?
76
What is 5 - 6 - (6 + -8) - (-37 - -42) - 83?
-87
Evaluate 34 + (-5 - -17) - (-1 + (7 - 8) + 1).
47
Evaluate (6 - 28) + 42 + (-46 - -39) - 82.
-69
Evaluate 36 + -47 + -53 + 20 + 93.
49
-113 + -27 + 296 + -34
122
112 - (77 + 66) - -52
21
Calculate 4 + (7 + -7 - -6) + (-50 - 9).
-49
Calculate 908 + -817 + 4 + -37.
58
What is -1 + (84 + -2 - (-59 - -26 - -36))?
78
Calculate (-1 + (3 - -5) + 2 - (-294 + 289)) + -1.
13
What is the value of -14 + -2 + -3 - (-189 + 117)?
53
(12 - 2 - 5 - ((-9 - -2) + 6)) + 29
35
Calculate -18 - (-50 + (33 - -35)).
-36
What is the value of (-6 - 1) + (-35 - (-22 + -46))?
26
What is the value of (347 - 420 - (-13 + 0)) + 22?
-38
What is -14 + 0 + 45 + -58 + -12?
-39
Calculate (-2 - (4 - 7)) + -25 + 65 - (-1 + 2).
40
What is the value of (9 - -1 - (42 - 27 - 26)) + 5?
26
What is 11 + (-4 - (-12 + 8 + -4)) + -4 + 6?
17
Calculate (7 - (11 + 63)) + 10 - (-6 + 6 - -2).
-59
What is the value of 94 + (-14 - -93 - 67)?
106
Calculate 62 - (-86 + 6 - 3).
145
What is the value of -1 - -49 - (59 + -19 - 17 - 19)?
44
Evaluate 70 - (136 - 133 - (-14 + 2)) - 7.
48
Evaluate (36 + -7 - 16) + 36.
49
-188 - -199 - (-1 - 22) - (19 - 36)
51
-22 + (-10 + -5 - (-47 - 24))
34
-88 - (-37 - -46 - (26 - 3))
-74
31 + (17 - 18) - -1 - -11
42
Calculate (-5 - (12 + -10)) + 0 - 30.
-37
What is 54 + -60 + 3 + -1 - (10 - -3)?
-17
(-4 - 138) + (1867 - 1773)
-48
Evaluate 29 - (38 + (49 - 28) + -3).
-27
What is the value of (42 - 80) + -28 - -6?
-60
Evaluate (4 - 26) + 22 + -8 + -13.
-21
Calculate (-42 - 45) + 298 + -154.
57
Evaluate -33 + -102 - -92 - ((0 - 0) + 0 + 3).
-46
What is 316 + -317 + (0 - 36)?
-37
135 + -11 - (18 + -26 - -17)
115
What is 52 - (77 + -30) - (-1 - 29)?
35
Evaluate 11 + (-10 - (97 - 86 - (17 - -1))).
8
Calculate (99 - 19) + (352 - 365).
67
What is the value of -7 + (-10 - -3) + (10 - 4) + 35 - 1?
26
Calculate -16 + -2 - -5 - -20 - 19.
-12
Evaluate (73 - (30 - 23)) + -49.
17
Calculate -96 + (10 + (14 - 9) - (1 + (19 - 15))).
-86
Evaluate 146 - (62 - -46) - 4.
34
-48 + 123 + -23 - -5
57
What is the value of 29 + -22 + 40 - (-11 + -18)?
76
What is (11 - 19) + (7 - (-6 + -4 + 4 - 6))?
11
-11 + 3 + -13 + (-9 + 26 - 2) + 24
18
What is -6 - -5 - -60 - (-68 + 79 + (-1 - 11))?
60
Evaluate 1 + -9 - (24 + 1 + -15 + 2).
-20
Evaluate (-5 - 0 - -9) + -34 + 11.
-19
What is 1 - (21 + -27 + -15 + 35)?
-13
What is -7 + 4 - (-6 - (6 + -34))?
-25
Calculate -501 - -483 - (16 - -3 - 5 - 4).
-28
What is 4 + -26 + -20 + -1?
-43
What is t